prime factors of i.
2, 3
Let d(z) = 4*z + 8. Let f(t) = -5*t - 7. Let n(s) = 6*d(s) + 5*f(s). List the prime factors of n(10).
3
Let r(s) = 5*s**3 + 5*s**2 - 8*s - 7. Let n(b) = 4*b**3 + 5*b**2 - 8*b - 6. Let g(q) = 4*n(q) - 3*r(q). What are the prime factors of g(-6)?
3
Suppose -3*h + 152 = -h. Suppose -4*a + 68 = -h. List the prime factors of a.
2, 3
Let s(o) = -6*o**3 - 2*o - 1. Suppose -4*r + 5*x + 45 = 0, -r = 3*r + 3*x - 5. Let j = 4 - r. What are the prime factors of s(j)?
7
Let q(b) = -b**2 + 4*b + 7. Let a be q(-7). Let s = a - -101. List the prime factors of s.
31
Let y(d) = 7*d**2 + 3*d + 3. Let x be y(-2). Let t be (-1 - 1) + 1*-16. Let n = x + t. List the prime factors of n.
7
Suppose -3*k = 3*c - 45, c = -2*k + 4*k + 21. Suppose n - 5 + 7 = 0. Let q = c - n. List the prime factors of q.
19
Suppose 0 = -6*q + 2*q + 116. Let a = q - 16. Suppose 5*g - a = -3. What are the prime factors of g?
2
Suppose -2*m = n + 20, -2*n + 4*m = 2*m + 22. What are the prime factors of n/63 - 897/(-27)?
3, 11
Let c(o) = 154*o**3 - o**2 - 4*o + 4. What are the prime factors of c(1)?
3, 17
Suppose 3 - 35 = -2*i. List the prime factors of i.
2
Let r(p) = -3*p**2 - 4 + 0 + 3 + 4*p**2. What are the prime factors of r(-3)?
2
Let p(o) = -o - 5. Let j be p(-5). Suppose j = y + 4*y - 2*s - 93, 5*s + 90 = 5*y. What are the prime factors of y?
19
Let g = -11 - -8. Let p be (-28)/(-3) - (-1)/g. List the prime factors of (p*2)/(4 + -2).
3
Let s(t) = -t + 28. Let f be s(0). Suppose 2*z = -k + 5 + f, 2*z - 5*k = 3. What are the prime factors of z?
2, 7
Suppose k + 4*k - 210 = 0. List the prime factors of k.
2, 3, 7
Suppose 5*z - 4*z = 2. Let l be 1/z + (-41)/2. Let s = l - -31. List the prime factors of s.
11
Let u(r) = -2*r + 6. Let f be u(7). Let y = f + 13. List the prime factors of y.
5
Let b be (20/5)/((-2)/(-2)). Let l = b + -9. Let x = l - -9. List the prime factors of x.
2
Suppose -5*y + 2*y - 82 = -2*j, 8 = 2*y. List the prime factors of j.
47
Let j(i) = 9*i**2 + i. Suppose 2*u - 8 + 0 = 0. Suppose 0*v - 4 = u*v. List the prime factors of j(v).
2
Suppose 2*s - 5*m + 3*m - 8 = 0, 5*s - 4*m - 21 = 0. Suppose 4*f - s*j = 36, -36 = -4*f - 5*j - 0*j. List the prime factors of f.
3
Suppose -30*m + 26*m = -388. List the prime factors of m.
97
Let b(p) = p**2 + 8*p - 3. Let k be b(-7). Let u = 26 + k. What are the prime factors of u?
2
Let f(t) = t**2 - 10*t + 12. Let l be f(9). List the prime factors of (-4)/l*(2 + -5).
2
Suppose -455 = -4*b - 3*b. What are the prime factors of b?
5, 13
Suppose f + 5 = 2*f. List the prime factors of f.
5
Let r(k) be the third derivative of -k**6/120 + k**5/15 + k**4/24 + k**3/3 - 13*k**2. Suppose 0 = -2*v - 2*v + 16. What are the prime factors of r(v)?
2, 3
List the prime factors of (51/(-6))/((-4)/24).
3, 17
Let y(q) = -q**2 + 11*q + 1. Let i be (2 - 6)/(2/(-5)). List the prime factors of y(i).
11
Suppose m + 0*m - 27 = 0. What are the prime factors of m?
3
Let o = 52 - 79. Let a = -16 - o. List the prime factors of a.
11
Suppose 3*f + f - 2*g = 240, g - 185 = -3*f. List the prime factors of f.
61
Let d(f) = -f**3 + 9*f**2 - 3*f + 12. List the prime factors of d(8).
2, 13
Suppose 265 = 5*s - 3*q, -3*s + 7*q + 165 = 4*q. What are the prime factors of s?
2, 5
Let l(i) be the third derivative of i**6/120 + 7*i**5/60 + i**4/8 - i**3 + 2*i**2. List the prime factors of l(-5).
29
Suppose 5*u - 239 - 171 = 0. What are the prime factors of u?
2, 41
Suppose 12*a - 8*a = -220. Let v = a - -79. List the prime factors of v.
2, 3
Suppose -7*u + 2*u - 5*y + 305 = 0, -2*y + 234 = 4*u. What are the prime factors of u?
2, 7
Let r(j) = j**3 + 7*j**2 + 7*j - 2. Let a be r(-6). Let b(l) = -l**2 - 11*l - 12. List the prime factors of b(a).
2, 3
Let u = 19 - 19. Suppose -3*m + 6 + 3 = u. List the prime factors of m.
3
Let d = 19 - 7. Suppose -2 + d = 5*y. Suppose -y*p + 14 = -2. List the prime factors of p.
2
Let z(k) = -k - 2. Let w be z(-6). Let i be w/6 + 8/(-12). Suppose i*d - 7 = -d. List the prime factors of d.
7
Let n(i) = 5*i**3 - 9*i**3 + 3*i + 2*i**2 + 0*i**2 + 2*i**3. What are the prime factors of n(-2)?
2, 3
Let o = -33 - -130. What are the prime factors of o?
97
Suppose 0 = -5*r + r. Suppose r = z - j + 4 - 11, 3*z = -5*j + 29. List the prime factors of z.
2
Suppose -2728 = -6*s - 5*s. List the prime factors of s.
2, 31
Let d(t) = 10*t - 1. Suppose -5*w - 15 = -4*z - 2*w, 0 = -3*z - 2*w + 7. List the prime factors of d(z).
29
Let y(o) be the third derivative of o**4/24 + 11*o**3/6 + 3*o**2. List the prime factors of y(14).
5
Suppose 3*u - 210 = -2*q, -3*u + 210 = -0*u - q. What are the prime factors of u?
2, 5, 7
List the prime factors of 176/20 + (-1)/(-5).
3
Suppose -15*f + 19*f - 2*l - 1202 = 0, -1483 = -5*f - 4*l. List the prime factors of f.
13, 23
Let c = 4 + -9. Let x = 6 + c. Suppose -k - 2*v + 13 = x, 48 = 5*k + 4*v. What are the prime factors of k?
2
Let c(i) = 5*i**2 + 16*i + 32. What are the prime factors of c(-8)?
2, 7
Let t(o) = 4*o**2 + o - 1. Let m be t(1). Let p = 6 - m. Suppose -z - 5*r - 1 + 7 = 0, -p*z + 4*r + 12 = 0. List the prime factors of z.
2, 3
Suppose -7 - 18 = -5*k - 5*r, 11 = 5*k - 2*r. Suppose -v - 3*s = -2, k*v + 2*s - s = 30. What are the prime factors of v?
11
Let t = -5 + 9. Suppose -5*h + 9 = b, 5*h - b - 6 = -5*b. Suppose -h*z - 55 = -t*n - 5*z, 3*n = -z + 40. List the prime factors of n.
13
Suppose 0 = 5*c + 4*s - 801, -5*c + 3*s = -0*s - 773. List the prime factors of c.
157
Suppose 0 = n + 4*n - 140. Suppose -v = -3*v + n. Suppose 13 = 3*g - v. List the prime factors of g.
3
Let g(b) = -b + 4. Suppose 2*i + 9 = i. List the prime factors of g(i).
13
Let m(z) = z**2 + 6*z + 17. What are the prime factors of m(-7)?
2, 3
Let h = 47 + -10. What are the prime factors of h?
37
Let u(x) = -x + 16*x**2 - 4*x + 1 + 4*x. What are the prime factors of u(1)?
2
Let l(k) = -23*k**3 + k**2 - k - 1. Let c be l(-1). Suppose -3*t = -c - 36. List the prime factors of t.
2, 5
Let t(o) = -4*o + 14. What are the prime factors of t(-20)?
2, 47
Let q(y) = -y**2 - 8*y + 5. Let v be q(-9). List the prime factors of 1 + v - (13 - 38).
2, 11
What are the prime factors of (-90)/(-4)*(-36)/(-15)?
2, 3
Let i(h) = -5*h**2 + 2*h - 13. Let t(c) = 3*c**2 - c + 7. Let f(m) = 6*i(m) + 11*t(m). List the prime factors of f(1).
3
Let v = -92 + 152. What are the prime factors of v?
2, 3, 5
Let c be 15/(3/2*1). Let i(d) = d**2 - 10*d + 4. What are the prime factors of i(c)?
2
Let n be (-5)/(-25) - 32/10. Suppose -38 = -b + 3*h, 0 = 3*b - b - 3*h - 64. List the prime factors of (b/(-3))/(2/n).
13
Let k(w) = -w + 7. Suppose -5*z = 3*g - 13, -g + 11 = 4*z - z. Let r(x) = -1. Let u(s) = g*r(s) - k(s). What are the prime factors of u(11)?
2
Let m = 14 + 10. List the prime factors of m.
2, 3
Suppose -u + 4*i = -1 + 5, 5*i = 5*u + 20. Suppose 0 = 5*z - 2*z + 6. What are the prime factors of 22/(1/(z/u))?
11
Suppose 2*a + r = 9, -5*a + 4*a = -5*r + 12. Let y = -130 + 214. What are the prime factors of (y/18)/(2/a)?
7
Let u(a) = -2*a**3 + 3*a**2 + 2*a - 3. Let s be u(-3). Let t = 102 - s. Suppose 5 = -5*p + t. List the prime factors of p.
5
Suppose 3*r + 3*y = -y + 276, -4*y + 12 = 0. List the prime factors of r.
2, 11
Let d(x) = -x + 5. Let h be d(4). Suppose 0 = 5*z - t - 10, -4*z + t - h = -10. Suppose 4*o - z = 47. What are the prime factors of o?
2, 3
Suppose 113 = 5*j - 67. What are the prime factors of j?
2, 3
List the prime factors of (1/(-4))/(6/(-4776)).
199
Let m = 38 + -13. List the prime factors of m.
5
Let u(n) = n + 6. List the prime factors of u(8).
2, 7
Suppose -1 = 3*k - 7. List the prime factors of 16/5 + k/(-10).
3
Suppose -3*m = 5*w - 207, -5*w - 5*m = -0*w - 205. What are the prime factors of w?
2, 3, 7
Suppose -r - 136 = -3*r. What are the prime factors of r?
2, 17
Suppose -10*s + 8*s + 60 = 0. What are the prime factors of s?
2, 3, 5
Suppose 563 = 5*b + 4*a, 6*b = 3*b + 4*a + 357. List the prime factors of b.
5, 23
Let t = -3 - -4. List the prime factors of 1 + t - -16 - 3.
3, 5
Suppose -31 = 7*x - 374. List the prime factors of x.
7
Suppose 0 = j - 6 - 0. Suppose 7 = r - j. What are the prime factors of r?
13
Let k be ((-22)/(-4))/((-4)/24). Suppose 4*p = -43 - 17. What are the prime factors of k/p + (-2)/10?
2
Suppose 